{"id":6835,"date":"2025-12-27T18:53:11","date_gmt":"2025-12-27T17:53:11","guid":{"rendered":"https:\/\/www.stredoeuropskepohlady.fss.ukf.sk\/?page_id=6835"},"modified":"2026-02-25T12:45:20","modified_gmt":"2026-02-25T11:45:20","slug":"etnicka-identita-a-multikulturnost-v-ukrajinskej-literature-slovenska-zidovsky-motiv-v-proze-nadezdy-varcholovej","status":"publish","type":"page","link":"https:\/\/www.stredoeuropskepohlady.fss.ukf.sk\/?page_id=6835","title":{"rendered":"Etnick\u00e1 identita a\u00a0multikult\u00farnos\u0165 v\u00a0ukrajinskej literat\u00fare Slovenska: \u017eidovsk\u00fd mot\u00edv v\u00a0pr\u00f3ze Nade\u017edy Varcholovej"},"content":{"rendered":"<h2 style=\"text-align: center;\">Ethnic Identity and Multiculturalism in Ukrainian Literature in Slovakia: The Jewish Motif in the Prose of Nadezhda Varchol<\/h2>\n<h3>Adriana Amir<\/h3>\n<p><strong><span style=\"color: #666666;\">IN:\u00a0<\/span><\/strong><span style=\"color: #666666;\">Stredoeur\u00f3pske poh\u013eady, Vol. VII, Issue 2, 2025, p. 5-10, ISSN 2644-6367 (print), ISSN-2644-6472 (online)<\/span><\/p>\n<p><a href=\"\/wp-content\/uploads\/2026\/02\/Stredouropske-pohlady-2025-02-01.pdf\"><strong>PDF<\/strong><\/a><\/p>\n","protected":false},"excerpt":{"rendered":"<p>Ethnic Identity and Multiculturalism in Ukrainian Literature in Slovakia: The Jewish Motif in the Prose [&hellip;]<\/p>\n","protected":false},"author":5,"featured_media":0,"parent":0,"menu_order":0,"comment_status":"closed","ping_status":"closed","template":"","meta":[],"_links":{"self":[{"href":"https:\/\/www.stredoeuropskepohlady.fss.ukf.sk\/index.php?rest_route=\/wp\/v2\/pages\/6835"}],"collection":[{"href":"https:\/\/www.stredoeuropskepohlady.fss.ukf.sk\/index.php?rest_route=\/wp\/v2\/pages"}],"about":[{"href":"https:\/\/www.stredoeuropskepohlady.fss.ukf.sk\/index.php?rest_route=\/wp\/v2\/types\/page"}],"author":[{"embeddable":true,"href":"https:\/\/www.stredoeuropskepohlady.fss.ukf.sk\/index.php?rest_route=\/wp\/v2\/users\/5"}],"replies":[{"embeddable":true,"href":"https:\/\/www.stredoeuropskepohlady.fss.ukf.sk\/index.php?rest_route=%2Fwp%2Fv2%2Fcomments&post=6835"}],"version-history":[{"count":4,"href":"https:\/\/www.stredoeuropskepohlady.fss.ukf.sk\/index.php?rest_route=\/wp\/v2\/pages\/6835\/revisions"}],"predecessor-version":[{"id":6896,"href":"https:\/\/www.stredoeuropskepohlady.fss.ukf.sk\/index.php?rest_route=\/wp\/v2\/pages\/6835\/revisions\/6896"}],"wp:attachment":[{"href":"https:\/\/www.stredoeuropskepohlady.fss.ukf.sk\/index.php?rest_route=%2Fwp%2Fv2%2Fmedia&parent=6835"}],"curies":[{"name":"wp","href":"https:\/\/api.w.org\/{rel}","templated":true}]}}