{"id":5956,"date":"2024-07-23T12:46:59","date_gmt":"2024-07-23T10:46:59","guid":{"rendered":"https:\/\/www.stredoeuropskepohlady.fss.ukf.sk\/?page_id=5956"},"modified":"2024-08-04T17:02:55","modified_gmt":"2024-08-04T15:02:55","slug":"otazky-stylu-v-novom-zakone-4-redakcie-staroceskeho-biblickeho-prekladu-1450-1489","status":"publish","type":"page","link":"https:\/\/www.stredoeuropskepohlady.fss.ukf.sk\/?page_id=5956","title":{"rendered":"Ot\u00e1zky \u0161t\u00fdlu v\u00a0Novom z\u00e1kone 4.\u00a0redakcie staro\u010desk\u00e9ho biblick\u00e9ho prekladu (1450\u00a0\u2013 1489)"},"content":{"rendered":"<h2 style=\"text-align: center;\">Issues of Biblical Style in the Fourth Redaction of the Old Czech Translation of the New Testament (1450\u00a0\u2013 1489)<\/h2>\n<h3><strong>Katar\u00edna D\u017eunkov\u00e1<\/strong><\/h3>\n<p><strong><span style=\"color: #666666;\">IN:\u00a0<\/span><\/strong><span style=\"color: #666666;\">Stredoeur\u00f3pske poh\u013eady, Vol. VI, Issue 1, 2024, 39 &#8211; 49, ISSN 2644-6367 (print), ISSN-2644-6472 (online)<\/span><\/p>\n<p><!--\n<a href=\"http:\/\/www.stredoeuropskepohlady.fss.ukf.sk\/wp-content\/uploads\/2024\/01\/SP_2023_02_003-004.pdf\"><strong>PDF<\/strong><\/a>\n--><\/p>\n","protected":false},"excerpt":{"rendered":"<p>Issues of Biblical Style in the Fourth Redaction of the Old Czech Translation of the [&hellip;]<\/p>\n","protected":false},"author":5,"featured_media":0,"parent":0,"menu_order":0,"comment_status":"closed","ping_status":"closed","template":"","meta":[],"_links":{"self":[{"href":"https:\/\/www.stredoeuropskepohlady.fss.ukf.sk\/index.php?rest_route=\/wp\/v2\/pages\/5956"}],"collection":[{"href":"https:\/\/www.stredoeuropskepohlady.fss.ukf.sk\/index.php?rest_route=\/wp\/v2\/pages"}],"about":[{"href":"https:\/\/www.stredoeuropskepohlady.fss.ukf.sk\/index.php?rest_route=\/wp\/v2\/types\/page"}],"author":[{"embeddable":true,"href":"https:\/\/www.stredoeuropskepohlady.fss.ukf.sk\/index.php?rest_route=\/wp\/v2\/users\/5"}],"replies":[{"embeddable":true,"href":"https:\/\/www.stredoeuropskepohlady.fss.ukf.sk\/index.php?rest_route=%2Fwp%2Fv2%2Fcomments&post=5956"}],"version-history":[{"count":4,"href":"https:\/\/www.stredoeuropskepohlady.fss.ukf.sk\/index.php?rest_route=\/wp\/v2\/pages\/5956\/revisions"}],"predecessor-version":[{"id":6132,"href":"https:\/\/www.stredoeuropskepohlady.fss.ukf.sk\/index.php?rest_route=\/wp\/v2\/pages\/5956\/revisions\/6132"}],"wp:attachment":[{"href":"https:\/\/www.stredoeuropskepohlady.fss.ukf.sk\/index.php?rest_route=%2Fwp%2Fv2%2Fmedia&parent=5956"}],"curies":[{"name":"wp","href":"https:\/\/api.w.org\/{rel}","templated":true}]}}