{"id":4376,"date":"2020-07-13T14:26:47","date_gmt":"2020-07-13T12:26:47","guid":{"rendered":"http:\/\/www.stredoeuropskepohlady.fss.ukf.sk\/?page_id=4376"},"modified":"2020-07-15T11:57:06","modified_gmt":"2020-07-15T09:57:06","slug":"antisemitismus-v-ceskych-mediich-po-roce-1989-2","status":"publish","type":"page","link":"https:\/\/www.stredoeuropskepohlady.fss.ukf.sk\/?page_id=4376","title":{"rendered":"Antisemitismus v&nbsp;\u010desk\u00fdch m\u00e9di\u00edch po roce 1989"},"content":{"rendered":"<h2 style=\"text-align: center;\">Antisemitism<br \/>\nin the Czech Media After 1989<\/h2>\n<h3>Petr \u017dantovsk\u00fd<\/h3>\n<p><strong><span style=\"color: #666666;\">IN:\u00a0<\/span><\/strong><span style=\"color: #666666;\">Stredoeur\u00f3pske poh\u013eady, Vol. II., Issue 1, 2020, pp. 72-80,\u00a0ISSN 2644-6367 (print), ISSN-2644-6472 (online)<\/span><\/p>\n<p><strong>DOI:\u00a0<\/strong>10.17846\/CEV.2020.02.1.72-80<\/p>\n<p><strong>Abstract:<\/strong><\/p>\n<blockquote style=\"font-size: 14pt; font-family: 'Source Sans Pro', 'Helvetica Neue', Helvetica, Arial, sans-serif;\"><p>The article deals with manifestations of anti-Semitism on the ground of the Czech media after 1989. It states that manifestations of anti-Semitism in the Czech media can be categorized into three basic types: conspiracy, which attributes to Jews an effort to dominate the world; political, which is defined in relation to the State of Israel, and vulgar, occurring mainly in discussions on the Internet. Although the trend of the occurrence of anti-Semitic manifestations in the media is slightly upward, it does not exceed the extreme range and is not a threat to the normal life of society.<\/p><\/blockquote>\n<p><a href=\"https:\/\/www.stredoeuropskepohlady.fss.ukf.sk\/wp-content\/uploads\/2020\/07\/2020-01_09_Zantovsky.pdf\"><strong>PDF<\/strong><\/a><\/p>\n","protected":false},"excerpt":{"rendered":"<p>Antisemitism in the Czech Media After 1989 Petr \u017dantovsk\u00fd IN:\u00a0Stredoeur\u00f3pske poh\u013eady, Vol. II., Issue 1, [&hellip;]<\/p>\n","protected":false},"author":5,"featured_media":0,"parent":0,"menu_order":0,"comment_status":"closed","ping_status":"closed","template":"","meta":[],"_links":{"self":[{"href":"https:\/\/www.stredoeuropskepohlady.fss.ukf.sk\/index.php?rest_route=\/wp\/v2\/pages\/4376"}],"collection":[{"href":"https:\/\/www.stredoeuropskepohlady.fss.ukf.sk\/index.php?rest_route=\/wp\/v2\/pages"}],"about":[{"href":"https:\/\/www.stredoeuropskepohlady.fss.ukf.sk\/index.php?rest_route=\/wp\/v2\/types\/page"}],"author":[{"embeddable":true,"href":"https:\/\/www.stredoeuropskepohlady.fss.ukf.sk\/index.php?rest_route=\/wp\/v2\/users\/5"}],"replies":[{"embeddable":true,"href":"https:\/\/www.stredoeuropskepohlady.fss.ukf.sk\/index.php?rest_route=%2Fwp%2Fv2%2Fcomments&post=4376"}],"version-history":[{"count":1,"href":"https:\/\/www.stredoeuropskepohlady.fss.ukf.sk\/index.php?rest_route=\/wp\/v2\/pages\/4376\/revisions"}],"predecessor-version":[{"id":4377,"href":"https:\/\/www.stredoeuropskepohlady.fss.ukf.sk\/index.php?rest_route=\/wp\/v2\/pages\/4376\/revisions\/4377"}],"wp:attachment":[{"href":"https:\/\/www.stredoeuropskepohlady.fss.ukf.sk\/index.php?rest_route=%2Fwp%2Fv2%2Fmedia&parent=4376"}],"curies":[{"name":"wp","href":"https:\/\/api.w.org\/{rel}","templated":true}]}}