{"id":4359,"date":"2020-07-13T14:24:19","date_gmt":"2020-07-13T12:24:19","guid":{"rendered":"http:\/\/www.stredoeuropskepohlady.fss.ukf.sk\/?page_id=4359"},"modified":"2020-07-15T12:04:30","modified_gmt":"2020-07-15T10:04:30","slug":"zlomove-okamihy-ladislava-mnacka-v-suvislosti-s-izraelom-2","status":"publish","type":"page","link":"https:\/\/www.stredoeuropskepohlady.fss.ukf.sk\/?page_id=4359","title":{"rendered":"Zlomov\u00e9 okamihy Ladislava M\u0148a\u010dka v&nbsp;s\u00favislosti s&nbsp;Izraelom"},"content":{"rendered":"<h2 style=\"text-align: center;\">Breaking Moments of Ladislav M\u0148a\u010dko in Relation to Israel<\/h2>\n<h3>Jozef Leikert<\/h3>\n<p><strong><span style=\"color: #666666;\">IN:\u00a0<\/span><\/strong><span style=\"color: #666666;\">Stredoeur\u00f3pske poh\u013eady, Vol. II., Issue 1, 2020, pp. 15-26,\u00a0ISSN 2644-6367 (print), ISSN-2644-6472 (online)<\/span><\/p>\n<p><strong>DOI:\u00a0<\/strong>10.17846\/CEV.2020.02.1.15-26<\/p>\n<p><strong>Abstract:<\/strong><\/p>\n<blockquote style=\"font-size: 14pt; font-family: 'Source Sans Pro', 'Helvetica Neue', Helvetica, Arial, sans-serif;\"><p>The study deals with the attitude of the well-known Slovak writer and journalist Ladislav M\u0148a\u010dko towards the state of Israel. The author describes in detail three journeys of this prominent journalist to Israel. The first was in 1948 when M\u0148a\u010dko witnessed the declaration of the State of Israel. The second in 1961, when he arrived in Israel for the trial of Adolf Eichmann, and the third in 1967, when he went there to protest the break in Czechoslovak diplomatic relations with Israel. The study is the result of long-term archival research and knowledge of the author who, several years ago, elaborated and published a biography of Ladislav M\u0148a\u010dko. While researching historical documents, the author worked with the oral history method and managed to find the last memorials of the events that are the subject of his study.<\/p><\/blockquote>\n<p><a href=\"https:\/\/www.stredoeuropskepohlady.fss.ukf.sk\/wp-content\/uploads\/2020\/07\/2020-01_02_Leikert.pdf\"><strong>PDF<\/strong><\/a><\/p>\n","protected":false},"excerpt":{"rendered":"<p>Breaking Moments of Ladislav M\u0148a\u010dko in Relation to Israel Jozef Leikert IN:\u00a0Stredoeur\u00f3pske poh\u013eady, Vol. II., [&hellip;]<\/p>\n","protected":false},"author":5,"featured_media":0,"parent":0,"menu_order":0,"comment_status":"closed","ping_status":"closed","template":"","meta":[],"_links":{"self":[{"href":"https:\/\/www.stredoeuropskepohlady.fss.ukf.sk\/index.php?rest_route=\/wp\/v2\/pages\/4359"}],"collection":[{"href":"https:\/\/www.stredoeuropskepohlady.fss.ukf.sk\/index.php?rest_route=\/wp\/v2\/pages"}],"about":[{"href":"https:\/\/www.stredoeuropskepohlady.fss.ukf.sk\/index.php?rest_route=\/wp\/v2\/types\/page"}],"author":[{"embeddable":true,"href":"https:\/\/www.stredoeuropskepohlady.fss.ukf.sk\/index.php?rest_route=\/wp\/v2\/users\/5"}],"replies":[{"embeddable":true,"href":"https:\/\/www.stredoeuropskepohlady.fss.ukf.sk\/index.php?rest_route=%2Fwp%2Fv2%2Fcomments&post=4359"}],"version-history":[{"count":1,"href":"https:\/\/www.stredoeuropskepohlady.fss.ukf.sk\/index.php?rest_route=\/wp\/v2\/pages\/4359\/revisions"}],"predecessor-version":[{"id":4360,"href":"https:\/\/www.stredoeuropskepohlady.fss.ukf.sk\/index.php?rest_route=\/wp\/v2\/pages\/4359\/revisions\/4360"}],"wp:attachment":[{"href":"https:\/\/www.stredoeuropskepohlady.fss.ukf.sk\/index.php?rest_route=%2Fwp%2Fv2%2Fmedia&parent=4359"}],"curies":[{"name":"wp","href":"https:\/\/api.w.org\/{rel}","templated":true}]}}