{"id":3858,"date":"2020-01-18T17:17:51","date_gmt":"2020-01-18T16:17:51","guid":{"rendered":"http:\/\/www.stredoeuropskepohlady.fss.ukf.sk\/?page_id=3858"},"modified":"2020-01-24T09:50:07","modified_gmt":"2020-01-24T08:50:07","slug":"psalms-in-gregorian-chant","status":"publish","type":"page","link":"https:\/\/www.stredoeuropskepohlady.fss.ukf.sk\/?page_id=3858","title":{"rendered":"\u017dalmy v&nbsp;gregori\u00e1nskom chor\u00e1li"},"content":{"rendered":"<h2 style=\"text-align: center;\">Psalms in Gregorian Chant<\/h2>\n<h3>Vladim\u00edr Fulka<\/h3>\n<p><strong><span style=\"color: #666666;\">IN:\u00a0<\/span><\/strong><span style=\"color: #666666;\">Stredoeur\u00f3pske poh\u013eady, Vol. I., Issue 2, 2019, pp. 11-18,\u00a0ISSN 2644-6367 (print), ISSN-2644-6472 (online)<\/span><\/p>\n<p><strong>DOI:\u00a0<\/strong>10.17846\/CEV.2019.01.2.11-18<\/p>\n<blockquote style=\"font-size: 14pt; font-family: 'Source Sans Pro', 'Helvetica Neue', Helvetica, Arial, sans-serif;\"><p>Jewish and Christian psalmody have a common source, the <em>Book of Psalms<\/em> from Hebrew and Christian Bible. Psalm, although identical texts for Jews an Christians, are embedded in a different religious context. For Hebrews it is in a context of Judaic monoteism, for Christians a context of Christianity and christology, a context of Christ message. Forms of the psalmody worhip are different: for Hebrews it is the synagogue worship and a context Jewish feasts, for Christians a mass and canonical hours for priests and monastery communities. A study of Vladim\u00edr Fulka seeks to uncover common roots of the Hebrew and Christian psalmody in worships, what unifies them in liturgy and music. In the Christianity, psalms, as a part of the Gregorian chant, have been a platform and an intersection of ancient Jewish and Christian musical practices.<\/p><\/blockquote>\n<p><a href=\"https:\/\/www.stredoeuropskepohlady.fss.ukf.sk\/wp-content\/uploads\/2019\/12\/2019-02-02_Fulka.pdf\"><strong>PDF<\/strong><\/a><\/p>\n","protected":false},"excerpt":{"rendered":"<p>Psalms in Gregorian Chant Vladim\u00edr Fulka IN:\u00a0Stredoeur\u00f3pske poh\u013eady, Vol. I., Issue 2, 2019, pp. 11-18,\u00a0ISSN [&hellip;]<\/p>\n","protected":false},"author":5,"featured_media":0,"parent":0,"menu_order":0,"comment_status":"closed","ping_status":"closed","template":"","meta":[],"_links":{"self":[{"href":"https:\/\/www.stredoeuropskepohlady.fss.ukf.sk\/index.php?rest_route=\/wp\/v2\/pages\/3858"}],"collection":[{"href":"https:\/\/www.stredoeuropskepohlady.fss.ukf.sk\/index.php?rest_route=\/wp\/v2\/pages"}],"about":[{"href":"https:\/\/www.stredoeuropskepohlady.fss.ukf.sk\/index.php?rest_route=\/wp\/v2\/types\/page"}],"author":[{"embeddable":true,"href":"https:\/\/www.stredoeuropskepohlady.fss.ukf.sk\/index.php?rest_route=\/wp\/v2\/users\/5"}],"replies":[{"embeddable":true,"href":"https:\/\/www.stredoeuropskepohlady.fss.ukf.sk\/index.php?rest_route=%2Fwp%2Fv2%2Fcomments&post=3858"}],"version-history":[{"count":8,"href":"https:\/\/www.stredoeuropskepohlady.fss.ukf.sk\/index.php?rest_route=\/wp\/v2\/pages\/3858\/revisions"}],"predecessor-version":[{"id":4198,"href":"https:\/\/www.stredoeuropskepohlady.fss.ukf.sk\/index.php?rest_route=\/wp\/v2\/pages\/3858\/revisions\/4198"}],"wp:attachment":[{"href":"https:\/\/www.stredoeuropskepohlady.fss.ukf.sk\/index.php?rest_route=%2Fwp%2Fv2%2Fmedia&parent=3858"}],"curies":[{"name":"wp","href":"https:\/\/api.w.org\/{rel}","templated":true}]}}