{"id":3758,"date":"2020-01-18T13:30:46","date_gmt":"2020-01-18T12:30:46","guid":{"rendered":"http:\/\/www.stredoeuropskepohlady.fss.ukf.sk\/?page_id=3758"},"modified":"2020-01-24T09:29:52","modified_gmt":"2020-01-24T08:29:52","slug":"vizualna-pocta-ku-vzniku-ceskoslovenska-a-jeho-kriticke-citanie-v-sucasnosti-alfons-mucha-a-jiri-david","status":"publish","type":"page","link":"https:\/\/www.stredoeuropskepohlady.fss.ukf.sk\/?page_id=3758","title":{"rendered":"Vizu\u00e1lna pocta ku vzniku \u010ceskoslovenska a&nbsp;jeho kritick\u00e9 \u010d\u00edtanie v&nbsp;s\u00fa\u010dasnosti \u2013 Alfons Mucha a&nbsp;Ji\u0159\u00ed David"},"content":{"rendered":"<h2 style=\"text-align: center;\">A Visual Tribute to the Origin of Czechoslovakia and Its Contemporary Critical Readings \u2013 Alfons Mucha and Ji\u0159\u00ed David<\/h2>\n<h3>Eva Kapsov\u00e1<\/h3>\n<p><strong><span style=\"color: #666666;\">IN:\u00a0<\/span><\/strong><span style=\"color: #666666;\">Stredoeur\u00f3pske poh\u013eady, Vol. I., Issue 1, 2019, pp. 95-102,\u00a0ISSN 2644-6367 (print), ISSN-2644-6472 (online)<\/span><\/p>\n<p><strong>DOI:\u00a0<\/strong>10.17846\/CEV.2019.01.1.95-102<\/p>\n<p><strong>Abstract:<\/strong><\/p>\n<blockquote style=\"font-size: 14pt; font-family: 'Source Sans Pro', 'Helvetica Neue', Helvetica, Arial, sans-serif;\"><p>The monumental work The Slav Epic (1912 \u2013 1926) by Alfons Mucha is one of most extraordinary artistic achievements not only in the history of Czechoslovak art, but also in the global context. This work was a commentary of, and part of, the political movement leading to the formation and \u201claunch\u201d of the Czechoslovak Republic in 1918. The premiere of entire cycle was held to mark the anniversary of the foundation of Czechoslovakia in 1928. This paper deals with the strategies used by Alfons Mucha in his reflections, but especially the new mythologization of the Slavic history in this work. The paper discusses his unique approach to evaluating the position of the Czech, Moravian or \u201cSlovak\u201d tribe in the process of constituting the \u201cCzechoslovak nation\u201d (?). Following Alfons Mucha, the paper also analyzes the reflection of this issue in the work Apotheosis (2015) by contemporary artist Ji\u0159\u00ed David.<\/p><\/blockquote>\n<p><a href=\"https:\/\/www.stredoeuropskepohlady.fss.ukf.sk\/wp-content\/uploads\/2019\/12\/2019-01-11_Kapsova.pdf\"><strong>PDF<\/strong><\/a><\/p>\n","protected":false},"excerpt":{"rendered":"<p>A Visual Tribute to the Origin of Czechoslovakia and Its Contemporary Critical Readings \u2013 Alfons [&hellip;]<\/p>\n","protected":false},"author":5,"featured_media":0,"parent":0,"menu_order":0,"comment_status":"closed","ping_status":"closed","template":"","meta":[],"_links":{"self":[{"href":"https:\/\/www.stredoeuropskepohlady.fss.ukf.sk\/index.php?rest_route=\/wp\/v2\/pages\/3758"}],"collection":[{"href":"https:\/\/www.stredoeuropskepohlady.fss.ukf.sk\/index.php?rest_route=\/wp\/v2\/pages"}],"about":[{"href":"https:\/\/www.stredoeuropskepohlady.fss.ukf.sk\/index.php?rest_route=\/wp\/v2\/types\/page"}],"author":[{"embeddable":true,"href":"https:\/\/www.stredoeuropskepohlady.fss.ukf.sk\/index.php?rest_route=\/wp\/v2\/users\/5"}],"replies":[{"embeddable":true,"href":"https:\/\/www.stredoeuropskepohlady.fss.ukf.sk\/index.php?rest_route=%2Fwp%2Fv2%2Fcomments&post=3758"}],"version-history":[{"count":4,"href":"https:\/\/www.stredoeuropskepohlady.fss.ukf.sk\/index.php?rest_route=\/wp\/v2\/pages\/3758\/revisions"}],"predecessor-version":[{"id":4147,"href":"https:\/\/www.stredoeuropskepohlady.fss.ukf.sk\/index.php?rest_route=\/wp\/v2\/pages\/3758\/revisions\/4147"}],"wp:attachment":[{"href":"https:\/\/www.stredoeuropskepohlady.fss.ukf.sk\/index.php?rest_route=%2Fwp%2Fv2%2Fmedia&parent=3758"}],"curies":[{"name":"wp","href":"https:\/\/api.w.org\/{rel}","templated":true}]}}