{"id":1821,"date":"2019-02-21T09:40:41","date_gmt":"2019-02-21T09:40:41","guid":{"rendered":"http:\/\/www.stredoeuropskepohlady.fss.ukf.sk\/?page_id=1821"},"modified":"2019-11-05T18:18:57","modified_gmt":"2019-11-05T17:18:57","slug":"indexacio","status":"publish","type":"page","link":"https:\/\/www.stredoeuropskepohlady.fss.ukf.sk\/?page_id=1821","title":{"rendered":"INDEX \u010cASOPISU"},"content":{"rendered":"<p style=\"text-align: center;\"><img decoding=\"async\" loading=\"lazy\" class=\"alignnone wp-image-3529\" src=\"http:\/\/www.stredoeuropskepohlady.fss.ukf.sk\/wp-content\/uploads\/2019\/11\/crepc_hdr2-300x28.jpg\" alt=\"\" width=\"557\" height=\"52\" srcset=\"https:\/\/www.stredoeuropskepohlady.fss.ukf.sk\/wp-content\/uploads\/2019\/11\/crepc_hdr2-300x28.jpg 300w, https:\/\/www.stredoeuropskepohlady.fss.ukf.sk\/wp-content\/uploads\/2019\/11\/crepc_hdr2.jpg 644w\" sizes=\"(max-width: 557px) 85vw, 557px\" \/><br \/>\n<a href=\"https:\/\/app.crepc.sk\/?fn=AdvancedSearchChildCAOU2&amp;amp;seo=CREP%C4%8C-H%C4%BEadanie\">CENTR\u00c1LNY REGISTER EVIDENCIE PUBLIKA\u010cNEJ \u010cINNOSTI<\/a><\/p>\n<p>&nbsp;<\/p>\n<p style=\"text-align: center;\"><img decoding=\"async\" src=\"http:\/\/www.stredoeuropskepohlady.fss.ukf.sk\/wp-content\/uploads\/2019\/11\/Slovak_National_Bibliografy-300x43.png\" \/><br \/>\n<a href=\"https:\/\/chamo.kis3g.sk\/search\/advanced?theme=snk&amp;locale=en\">SLOVAK NATIONAL BIBLIOGRAPHY<\/a><\/p>\n<p>&nbsp;<\/p>\n<p style=\"text-align: center;\"><img decoding=\"async\" src=\"http:\/\/www.stredoeuropskepohlady.fss.ukf.sk\/wp-content\/uploads\/2019\/11\/Crossref.png\" \/><br \/>\n<a href=\"https:\/\/www.crossref.org\/\">REGISTRATION AGENCY OF THE INTERNATIONAL DOI FOUNDATION<\/a><\/p>\n<p>&nbsp;<\/p>\n<p style=\"text-align: center;\"><img decoding=\"async\" src=\"http:\/\/www.stredoeuropskepohlady.fss.ukf.sk\/wp-content\/uploads\/2019\/11\/WorldCat-300x90.png\" \/><br \/>\n<a href=\"https:\/\/www.worldcat.org\/\/\">ONLINE COMPUTER LIBRARY CATALOG<\/a><\/p>\n","protected":false},"excerpt":{"rendered":"<p>CENTR\u00c1LNY REGISTER EVIDENCIE PUBLIKA\u010cNEJ \u010cINNOSTI &nbsp; SLOVAK NATIONAL BIBLIOGRAPHY &nbsp; REGISTRATION AGENCY OF THE INTERNATIONAL [&hellip;]<\/p>\n","protected":false},"author":5,"featured_media":0,"parent":0,"menu_order":0,"comment_status":"closed","ping_status":"closed","template":"","meta":[],"_links":{"self":[{"href":"https:\/\/www.stredoeuropskepohlady.fss.ukf.sk\/index.php?rest_route=\/wp\/v2\/pages\/1821"}],"collection":[{"href":"https:\/\/www.stredoeuropskepohlady.fss.ukf.sk\/index.php?rest_route=\/wp\/v2\/pages"}],"about":[{"href":"https:\/\/www.stredoeuropskepohlady.fss.ukf.sk\/index.php?rest_route=\/wp\/v2\/types\/page"}],"author":[{"embeddable":true,"href":"https:\/\/www.stredoeuropskepohlady.fss.ukf.sk\/index.php?rest_route=\/wp\/v2\/users\/5"}],"replies":[{"embeddable":true,"href":"https:\/\/www.stredoeuropskepohlady.fss.ukf.sk\/index.php?rest_route=%2Fwp%2Fv2%2Fcomments&post=1821"}],"version-history":[{"count":8,"href":"https:\/\/www.stredoeuropskepohlady.fss.ukf.sk\/index.php?rest_route=\/wp\/v2\/pages\/1821\/revisions"}],"predecessor-version":[{"id":3535,"href":"https:\/\/www.stredoeuropskepohlady.fss.ukf.sk\/index.php?rest_route=\/wp\/v2\/pages\/1821\/revisions\/3535"}],"wp:attachment":[{"href":"https:\/\/www.stredoeuropskepohlady.fss.ukf.sk\/index.php?rest_route=%2Fwp%2Fv2%2Fmedia&parent=1821"}],"curies":[{"name":"wp","href":"https:\/\/api.w.org\/{rel}","templated":true}]}}